 22419659
What are the prime factors of 560038644?
2, 3, 11, 599, 787
What are the prime factors of 566566431?
3, 127, 1487051
List the prime factors of 1167437.
331, 3527
What are the prime factors of 49086903?
3, 16362301
What are the prime factors of 1347029?
17, 59, 79
List the prime factors of 403645553.
8761, 46073
What are the prime factors of 55331430?
2, 3, 5, 7, 11, 17, 1409
What are the prime factors of 62866555?
5, 12573311
What are the prime factors of 2067011323?
13, 159000871
What are the prime factors of 406939053?
3, 135646351
List the prime factors of 510365389.
131, 587, 6637
List the prime factors of 102893269.
397, 259177
List the prime factors of 3844972425.
3, 5, 7, 283, 3697
What are the prime factors of 94171541?
94171541
List the prime factors of 599596046.
2, 7, 6118327
What are the prime factors of 1780593?
3, 593531
List the prime factors of 314035018.
2, 11, 14274319
List the prime factors of 2896635571.
23, 125940677
List the prime factors of 8625845865.
3, 5, 7, 13, 6319301
List the prime factors of 1117276579.
139, 8037961
List the prime factors of 1185851574.
2, 3, 53, 673, 1847
What are the prime factors of 79561661?
79561661
What are the prime factors of 801823161?
3, 19, 89, 179, 883
List the prime factors of 1363629144.
2, 3, 56817881
List the prime factors of 4714455295.
5, 11, 85717369
List the prime factors of 947382375.
3, 5, 17, 148609
What are the prime factors of 410765839?
11, 41, 82799
List the prime factors of 212397089.
31, 47, 145777
What are the prime factors of 505246791?
3, 7, 79, 139, 313
What are the prime factors of 3773707276?
2, 461, 2046479
What are the prime factors of 5647227083?
37, 152627759
List the prime factors of 144347742.
2, 3, 7, 11, 104147
List the prime factors of 34820333.
179, 194527
What are the prime factors of 7060027049?
19, 79, 613, 7673
What are the prime factors of 33984089?
33984089
What are the prime factors of 3777150?
2, 3, 5, 13, 149
What are the prime factors of 74813199?
3, 31, 804443
List the prime factors of 706753360.
2, 5, 997, 8861
What are the prime factors of 26851062?
2, 3, 7, 639311
What are the prime factors of 753648125?
5, 197, 6121
List the prime factors of 2319235327.
21961, 105607
What are the prime factors of 189794827?
23, 8251949
List the prime factors of 56678711.
56678711
What are the prime factors of 25302851?
7, 17, 19, 31
What are the prime factors of 6120031?
139, 44029
List the prime factors of 76124908.
2, 1307, 14561
List the prime factors of 36057742.
2, 7, 47, 54799
What are the prime factors of 3711821?
19, 195359
List the prime factors of 614941528.
2, 76867691
What are the prime factors of 2181196017?
3, 7, 11, 13, 197, 1229
What are the prime factors of 58976978?
2, 17, 83, 20899
List the prime factors of 222817219.
37, 6022087
List the prime factors of 36023794.
2, 61, 295277
List the prime factors of 286225709.
7, 11, 19, 1471
List the prime factors of 64201872.
2, 3, 7, 109, 1753
What are the prime factors of 212238977?
53, 4004509
List the prime factors of 7774928857.
43, 11003, 16433
What are the prime factors of 9944185?
5, 1988837
What are the prime factors of 1726127385?
3, 5, 17, 6769127
List the prime factors of 1465039047.
3, 488346349
List the prime factors of 342503109.
3, 13, 1699, 1723
What are the prime factors of 831945989?
7, 19, 101, 61933
What are the prime factors of 39641309?
39641309
List the prime factors of 146225643.
3, 73, 667697
What are the prime factors of 386644616?
2, 1049, 46073
List the prime factors of 632068.
2, 158017
List the prime factors of 2013061345.
5, 402612269
List the prime factors of 74758511.
74758511
What are the prime factors of 4262011720?
2, 5, 106550293
What are the prime factors of 3372394065?
3, 5, 11243, 19997
List the prime factors of 617575797.
3, 109, 629537
List the prime factors of 503220611.
23, 103, 212419
List the prime factors of 102851304.
2, 3, 31, 138241
What are the prime factors of 16771137?
3, 191, 29269
List the prime factors of 328260332.
2, 82065083
List the prime factors of 209736291.
3, 229, 397, 769
List the prime factors of 90145087.
5857, 15391
List the prime factors of 220082107.
7, 1987, 15823
List the prime factors of 20618093.
17, 113, 10733
List the prime factors of 39018383.
17, 83, 27653
List the prime factors of 52449863.
52449863
List the prime factors of 1911709719.
3, 19, 71, 101, 1559
List the prime factors of 96367742.
2, 421, 114451
List the prime factors of 352017554.
2, 7, 41, 499, 1229
What are the prime factors of 91410796?
2, 53, 71, 6073
List the prime factors of 78006713.
1801, 43313
List the prime factors of 141399947.
13, 10876919
List the prime factors of 72852211.
72852211
List the prime factors of 71744999.
109, 658211
List the prime factors of 4171597210.
2, 5, 11, 3447601
List the prime factors of 46999001.
7, 107, 131, 479
What are the prime factors of 225672361?
37, 823, 7411
List the prime factors of 49909324.
2, 12477331
What are the prime factors of 1740434956?
2, 13, 4621, 7243
What are the prime factors of 54566762?
2, 223, 122347
List the prime factors of 2770561002.
2, 3, 11, 23, 1825139
List the prime factors of 619018899.
3, 3191, 64663
List the prime factors of 65420152.
2, 7, 653, 1789
List the prime factors of 26386619.
7, 97, 38861
List the prime factors of 1328380840.
2, 5, 419, 79259
List the prime factors of 728856649.
728856649
List the prime factors of 31776040.
2, 5, 229, 3469
What are the prime factors of 2138175696?
2, 3, 4337, 10271
List the prime factors of 311439225.
3, 5, 4152523
List the prime factors of 2897486301.
3, 19, 151, 336643
List the prime factors of 4240825487.
151, 28084937
What are the prime factors of 5221608654?
2, 3, 53, 16420153
List the prime factors of 8844536.
2, 29, 67, 569
What are the prime factors of 22619629?
22619629
What are the prime factors of 226957679?
13, 19, 918857
What are the prime factors of 475259165?
5, 137, 693809
What are the prime factors of 981207575?
5, 71, 552793
What are the prime factors of 3449446406?
2, 7, 246389029
List the prime factors of 106762328.
2, 1481, 9011
List the prime factors of 84426550.
2, 5, 13, 129887
What are the prime factors of 377590567?
71, 331, 16067
What are the prime factors of 70785354?
2, 3, 11797559
What are the prime factors of 131783630?
2, 5, 11, 1198033
List the prime factors of 101035960.
2, 5, 401, 6299
What are the prime factors of 3159978723?
3, 11, 1201, 2953
List the prime factors of 7083186.
2, 3, 11, 17, 59, 107
List the prime factors of 131923618.
2, 65961809
What are the prime factors of 4580009305?
5, 83, 1429, 7723
What are the prime factors of 323396951?
23, 29, 484853
List the prime factors of 854539959.
3, 7, 13, 239, 1871
List the prime factors of 987587604.
2, 3, 2473, 11093
List the prime factors of 254891744.
2, 17, 468551
List the prime factors of 2950567742.
2, 23, 101, 313, 2029
List the prime factors of 235042750.
2, 5, 23, 41, 997
List the prime factors of 7580279407.
7580279407
What are the prime factors of 9425416?
2, 7, 11, 13, 107
List the prime factors of 278086758.
2, 3, 46347793
What are the prime factors of 693198072?
2, 3, 7, 73, 83, 227
List the prime factors of 593561737.
89, 6669233
What are the prime factors of 2142326165?
5, 7, 2027, 30197
List the prime factors of 1351059807.
3, 83, 5425943
What are the prime factors of 1314328318?
2, 547, 683, 1759
List the prime factors of 119983287.
3, 43, 113, 8231
List the prime factors of 347367269.
347367269
List the prime factors of 183900882.
2, 3, 11, 253307
List the prime factors of 602669970.
2, 3, 5, 7, 106291
List the prime factors of 199302046.
2, 99651023
What are the prime factors of 7025916797?
29, 242272993
What are the prime factors of 42051908?
2, 10512977
List the prime factors of 74900635.
5, 349, 42923
What are the prime factors of 105965257?
67, 1093, 1447
List the prime factors of 598230941.
7, 11, 19, 461, 887
What are the prime factors of 544115939?
19, 73, 392297
List the prime factors of 217645105.
5, 43529021
List the prime factors of 211697260.
2, 5, 17, 622639
What are the prime factors of 3040772977?
11, 19, 83, 175291
List the prime factors of 1741034202.
2, 3, 641, 452687
List the prime factors of 1419